{"id":2,"date":"2022-05-18T15:19:27","date_gmt":"2022-05-18T13:19:27","guid":{"rendered":"http:\/\/cerdonr.cluster029.hosting.ovh.net\/?page_id=2"},"modified":"2022-06-30T17:07:05","modified_gmt":"2022-06-30T15:07:05","slug":"page-d-exemple","status":"publish","type":"page","link":"https:\/\/www.cerdon-evasion.fr\/","title":{"rendered":"ACCUEIL"},"content":{"rendered":"\t\t<div data-elementor-type=\"wp-page\" data-elementor-id=\"2\" class=\"elementor elementor-2\">\n\t\t\t\t\t\t\t\t\t<section class=\"elementor-section elementor-top-section elementor-element elementor-element-cd1128f elementor-section-full_width elementor-section-stretched elementor-section-height-default elementor-section-height-default\" data-id=\"cd1128f\" data-element_type=\"section\" data-settings=\"{&quot;stretch_section&quot;:&quot;section-stretched&quot;}\">\n\t\t\t\t\t\t<div class=\"elementor-container elementor-column-gap-default\">\n\t\t\t\t\t<div class=\"elementor-column elementor-col-100 elementor-top-column elementor-element elementor-element-76d5c40\" data-id=\"76d5c40\" data-element_type=\"column\">\n\t\t\t<div class=\"elementor-widget-wrap elementor-element-populated\">\n\t\t\t\t\t\t\t\t<div class=\"elementor-element elementor-element-52acd3d animated-slow elementor-invisible elementor-widget elementor-widget-image\" data-id=\"52acd3d\" data-element_type=\"widget\" data-settings=\"{&quot;_animation&quot;:&quot;fadeIn&quot;,&quot;_animation_delay&quot;:200}\" data-widget_type=\"image.default\">\n\t\t\t\t<div class=\"elementor-widget-container\">\n\t\t\t<style>\/*! elementor - v3.7.8 - 02-10-2022 *\/\n.elementor-widget-image{text-align:center}.elementor-widget-image a{display:inline-block}.elementor-widget-image a img[src$=\".svg\"]{width:48px}.elementor-widget-image img{vertical-align:middle;display:inline-block}<\/style>\t\t\t\t\t\t\t\t\t\t\t\t<img loading=\"lazy\" decoding=\"async\" width=\"2560\" height=\"1280\" src=\"https:\/\/www.cerdon-evasion.fr\/wp-content\/uploads\/2022\/05\/Accueil-cerdon-evasion_3-scaled.jpg\" class=\"attachment-full size-full\" alt=\"\" srcset=\"https:\/\/www.cerdon-evasion.fr\/wp-content\/uploads\/2022\/05\/Accueil-cerdon-evasion_3-scaled.jpg 2560w, https:\/\/www.cerdon-evasion.fr\/wp-content\/uploads\/2022\/05\/Accueil-cerdon-evasion_3-300x150.jpg 300w, https:\/\/www.cerdon-evasion.fr\/wp-content\/uploads\/2022\/05\/Accueil-cerdon-evasion_3-1024x512.jpg 1024w, https:\/\/www.cerdon-evasion.fr\/wp-content\/uploads\/2022\/05\/Accueil-cerdon-evasion_3-768x384.jpg 768w, https:\/\/www.cerdon-evasion.fr\/wp-content\/uploads\/2022\/05\/Accueil-cerdon-evasion_3-1536x768.jpg 1536w, https:\/\/www.cerdon-evasion.fr\/wp-content\/uploads\/2022\/05\/Accueil-cerdon-evasion_3-2048x1024.jpg 2048w\" sizes=\"auto, (max-width: 2560px) 100vw, 2560px\" \/>\t\t\t\t\t\t\t\t\t\t\t\t\t\t\t<\/div>\n\t\t\t\t<\/div>\n\t\t\t\t<section class=\"elementor-section elementor-inner-section elementor-element elementor-element-2166d95 elementor-section-boxed elementor-section-height-default elementor-section-height-default\" data-id=\"2166d95\" data-element_type=\"section\">\n\t\t\t\t\t\t<div class=\"elementor-container elementor-column-gap-default\">\n\t\t\t\t\t<div class=\"elementor-column elementor-col-33 elementor-inner-column elementor-element elementor-element-9f379a0\" data-id=\"9f379a0\" data-element_type=\"column\">\n\t\t\t<div class=\"elementor-widget-wrap elementor-element-populated\">\n\t\t\t\t\t\t\t\t<div class=\"elementor-element elementor-element-ef2759b elementor-widget elementor-widget-image\" data-id=\"ef2759b\" data-element_type=\"widget\" data-widget_type=\"image.default\">\n\t\t\t\t<div class=\"elementor-widget-container\">\n\t\t\t\t\t\t\t\t\t\t\t\t\t\t\t\t<a href=\"https:\/\/www.cerdon-evasion.fr\/index.php\/trotinain\/\">\n\t\t\t\t\t\t\t<img loading=\"lazy\" decoding=\"async\" width=\"300\" height=\"300\" src=\"https:\/\/www.cerdon-evasion.fr\/wp-content\/uploads\/2022\/05\/trotinain-1-300x300.jpg\" class=\"attachment-medium size-medium\" alt=\"\" srcset=\"https:\/\/www.cerdon-evasion.fr\/wp-content\/uploads\/2022\/05\/trotinain-1-300x300.jpg 300w, https:\/\/www.cerdon-evasion.fr\/wp-content\/uploads\/2022\/05\/trotinain-1-150x150.jpg 150w, https:\/\/www.cerdon-evasion.fr\/wp-content\/uploads\/2022\/05\/trotinain-1-600x600.jpg 600w, https:\/\/www.cerdon-evasion.fr\/wp-content\/uploads\/2022\/05\/trotinain-1.jpg 625w\" sizes=\"auto, (max-width: 300px) 100vw, 300px\" \/>\t\t\t\t\t\t\t\t<\/a>\n\t\t\t\t\t\t\t\t\t\t\t\t\t\t\t<\/div>\n\t\t\t\t<\/div>\n\t\t\t\t\t<\/div>\n\t\t<\/div>\n\t\t\t\t<div class=\"elementor-column elementor-col-33 elementor-inner-column elementor-element elementor-element-1e8b0bd\" data-id=\"1e8b0bd\" data-element_type=\"column\">\n\t\t\t<div class=\"elementor-widget-wrap elementor-element-populated\">\n\t\t\t\t\t\t\t\t<div class=\"elementor-element elementor-element-a68f144 elementor-widget elementor-widget-image\" data-id=\"a68f144\" data-element_type=\"widget\" data-widget_type=\"image.default\">\n\t\t\t\t<div class=\"elementor-widget-container\">\n\t\t\t\t\t\t\t\t\t\t\t\t\t\t\t\t<a href=\"https:\/\/www.cerdon-evasion.fr\/index.php\/la-cabane-du-vigneron\/\">\n\t\t\t\t\t\t\t<img loading=\"lazy\" decoding=\"async\" width=\"300\" height=\"300\" src=\"https:\/\/www.cerdon-evasion.fr\/wp-content\/uploads\/2022\/06\/cabane-du-vigneron_2-300x300.jpg\" class=\"attachment-medium size-medium\" alt=\"\" srcset=\"https:\/\/www.cerdon-evasion.fr\/wp-content\/uploads\/2022\/06\/cabane-du-vigneron_2-300x300.jpg 300w, https:\/\/www.cerdon-evasion.fr\/wp-content\/uploads\/2022\/06\/cabane-du-vigneron_2-150x150.jpg 150w, https:\/\/www.cerdon-evasion.fr\/wp-content\/uploads\/2022\/06\/cabane-du-vigneron_2-600x600.jpg 600w, https:\/\/www.cerdon-evasion.fr\/wp-content\/uploads\/2022\/06\/cabane-du-vigneron_2.jpg 625w\" sizes=\"auto, (max-width: 300px) 100vw, 300px\" \/>\t\t\t\t\t\t\t\t<\/a>\n\t\t\t\t\t\t\t\t\t\t\t\t\t\t\t<\/div>\n\t\t\t\t<\/div>\n\t\t\t\t\t<\/div>\n\t\t<\/div>\n\t\t\t\t<div class=\"elementor-column elementor-col-33 elementor-inner-column elementor-element elementor-element-69e043a\" data-id=\"69e043a\" data-element_type=\"column\">\n\t\t\t<div class=\"elementor-widget-wrap elementor-element-populated\">\n\t\t\t\t\t\t\t\t<div class=\"elementor-element elementor-element-7222cbe elementor-widget elementor-widget-image\" data-id=\"7222cbe\" data-element_type=\"widget\" data-widget_type=\"image.default\">\n\t\t\t\t<div class=\"elementor-widget-container\">\n\t\t\t\t\t\t\t\t\t\t\t\t\t\t\t\t<a href=\"https:\/\/www.cerdon-evasion.fr\/index.php\/degustation\/\">\n\t\t\t\t\t\t\t<img loading=\"lazy\" decoding=\"async\" width=\"300\" height=\"300\" src=\"https:\/\/www.cerdon-evasion.fr\/wp-content\/uploads\/2022\/05\/degustation-300x300.jpg\" class=\"attachment-medium size-medium\" alt=\"\" srcset=\"https:\/\/www.cerdon-evasion.fr\/wp-content\/uploads\/2022\/05\/degustation-300x300.jpg 300w, https:\/\/www.cerdon-evasion.fr\/wp-content\/uploads\/2022\/05\/degustation-150x150.jpg 150w, https:\/\/www.cerdon-evasion.fr\/wp-content\/uploads\/2022\/05\/degustation-600x600.jpg 600w, https:\/\/www.cerdon-evasion.fr\/wp-content\/uploads\/2022\/05\/degustation.jpg 625w\" sizes=\"auto, (max-width: 300px) 100vw, 300px\" \/>\t\t\t\t\t\t\t\t<\/a>\n\t\t\t\t\t\t\t\t\t\t\t\t\t\t\t<\/div>\n\t\t\t\t<\/div>\n\t\t\t\t\t<\/div>\n\t\t<\/div>\n\t\t\t\t\t\t\t<\/div>\n\t\t<\/section>\n\t\t\t\t<div class=\"elementor-element elementor-element-1678ff0 elementor-widget elementor-widget-spacer\" data-id=\"1678ff0\" data-element_type=\"widget\" data-widget_type=\"spacer.default\">\n\t\t\t\t<div class=\"elementor-widget-container\">\n\t\t\t<style>\/*! elementor - v3.7.8 - 02-10-2022 *\/\n.elementor-column .elementor-spacer-inner{height:var(--spacer-size)}.e-container{--container-widget-width:100%}.e-container>.elementor-widget-spacer{width:var(--container-widget-width,var(--spacer-size));-ms-flex-item-align:stretch;align-self:stretch;-ms-flex-negative:0;flex-shrink:0}.e-container>.elementor-widget-spacer>.elementor-widget-container,.e-container>.elementor-widget-spacer>.elementor-widget-container>.elementor-spacer{height:100%}.e-container>.elementor-widget-spacer>.elementor-widget-container>.elementor-spacer>.elementor-spacer-inner{height:var(--container-widget-height,var(--spacer-size))}<\/style>\t\t<div class=\"elementor-spacer\">\n\t\t\t<div class=\"elementor-spacer-inner\"><\/div>\n\t\t<\/div>\n\t\t\t\t<\/div>\n\t\t\t\t<\/div>\n\t\t\t\t<div class=\"elementor-element elementor-element-dc850a5 elementor-widget elementor-widget-spacer\" data-id=\"dc850a5\" data-element_type=\"widget\" data-widget_type=\"spacer.default\">\n\t\t\t\t<div class=\"elementor-widget-container\">\n\t\t\t\t\t<div class=\"elementor-spacer\">\n\t\t\t<div class=\"elementor-spacer-inner\"><\/div>\n\t\t<\/div>\n\t\t\t\t<\/div>\n\t\t\t\t<\/div>\n\t\t\t\t\t<\/div>\n\t\t<\/div>\n\t\t\t\t\t\t\t<\/div>\n\t\t<\/section>\n\t\t\t\t<section class=\"elementor-section elementor-top-section elementor-element elementor-element-3332190 elementor-section-boxed elementor-section-height-default elementor-section-height-default\" data-id=\"3332190\" data-element_type=\"section\" data-settings=\"{&quot;background_background&quot;:&quot;classic&quot;}\">\n\t\t\t\t\t\t<div class=\"elementor-container elementor-column-gap-default\">\n\t\t\t\t\t<div class=\"elementor-column elementor-col-100 elementor-top-column elementor-element elementor-element-917b9d0\" data-id=\"917b9d0\" data-element_type=\"column\">\n\t\t\t<div class=\"elementor-widget-wrap elementor-element-populated\">\n\t\t\t\t\t\t\t\t<div class=\"elementor-element elementor-element-d6f8fb3 elementor-widget-divider--view-line elementor-widget elementor-widget-divider\" data-id=\"d6f8fb3\" data-element_type=\"widget\" data-widget_type=\"divider.default\">\n\t\t\t\t<div class=\"elementor-widget-container\">\n\t\t\t<style>\/*! elementor - v3.7.8 - 02-10-2022 *\/\n.elementor-widget-divider{--divider-border-style:none;--divider-border-width:1px;--divider-color:#2c2c2c;--divider-icon-size:20px;--divider-element-spacing:10px;--divider-pattern-height:24px;--divider-pattern-size:20px;--divider-pattern-url:none;--divider-pattern-repeat:repeat-x}.elementor-widget-divider .elementor-divider{display:-webkit-box;display:-ms-flexbox;display:flex}.elementor-widget-divider .elementor-divider__text{font-size:15px;line-height:1;max-width:95%}.elementor-widget-divider .elementor-divider__element{margin:0 var(--divider-element-spacing);-ms-flex-negative:0;flex-shrink:0}.elementor-widget-divider .elementor-icon{font-size:var(--divider-icon-size)}.elementor-widget-divider .elementor-divider-separator{display:-webkit-box;display:-ms-flexbox;display:flex;margin:0;direction:ltr}.elementor-widget-divider--view-line_icon .elementor-divider-separator,.elementor-widget-divider--view-line_text .elementor-divider-separator{-webkit-box-align:center;-ms-flex-align:center;align-items:center}.elementor-widget-divider--view-line_icon .elementor-divider-separator:after,.elementor-widget-divider--view-line_icon .elementor-divider-separator:before,.elementor-widget-divider--view-line_text .elementor-divider-separator:after,.elementor-widget-divider--view-line_text .elementor-divider-separator:before{display:block;content:\"\";border-bottom:0;-webkit-box-flex:1;-ms-flex-positive:1;flex-grow:1;border-top:var(--divider-border-width) var(--divider-border-style) var(--divider-color)}.elementor-widget-divider--element-align-left .elementor-divider .elementor-divider-separator>.elementor-divider__svg:first-of-type{-webkit-box-flex:0;-ms-flex-positive:0;flex-grow:0;-ms-flex-negative:100;flex-shrink:100}.elementor-widget-divider--element-align-left .elementor-divider-separator:before{content:none}.elementor-widget-divider--element-align-left .elementor-divider__element{margin-left:0}.elementor-widget-divider--element-align-right .elementor-divider .elementor-divider-separator>.elementor-divider__svg:last-of-type{-webkit-box-flex:0;-ms-flex-positive:0;flex-grow:0;-ms-flex-negative:100;flex-shrink:100}.elementor-widget-divider--element-align-right .elementor-divider-separator:after{content:none}.elementor-widget-divider--element-align-right .elementor-divider__element{margin-right:0}.elementor-widget-divider:not(.elementor-widget-divider--view-line_text):not(.elementor-widget-divider--view-line_icon) .elementor-divider-separator{border-top:var(--divider-border-width) var(--divider-border-style) var(--divider-color)}.elementor-widget-divider--separator-type-pattern{--divider-border-style:none}.elementor-widget-divider--separator-type-pattern.elementor-widget-divider--view-line .elementor-divider-separator,.elementor-widget-divider--separator-type-pattern:not(.elementor-widget-divider--view-line) .elementor-divider-separator:after,.elementor-widget-divider--separator-type-pattern:not(.elementor-widget-divider--view-line) .elementor-divider-separator:before,.elementor-widget-divider--separator-type-pattern:not([class*=elementor-widget-divider--view]) .elementor-divider-separator{width:100%;min-height:var(--divider-pattern-height);-webkit-mask-size:var(--divider-pattern-size) 100%;mask-size:var(--divider-pattern-size) 100%;-webkit-mask-repeat:var(--divider-pattern-repeat);mask-repeat:var(--divider-pattern-repeat);background-color:var(--divider-color);-webkit-mask-image:var(--divider-pattern-url);mask-image:var(--divider-pattern-url)}.elementor-widget-divider--no-spacing{--divider-pattern-size:auto}.elementor-widget-divider--bg-round{--divider-pattern-repeat:round}.rtl .elementor-widget-divider .elementor-divider__text{direction:rtl}.e-container>.elementor-widget-divider{width:var(--container-widget-width,100%);--flex-grow:var(--container-widget-flex-grow,0)}<\/style>\t\t<div class=\"elementor-divider\">\n\t\t\t<span class=\"elementor-divider-separator\">\n\t\t\t\t\t\t<\/span>\n\t\t<\/div>\n\t\t\t\t<\/div>\n\t\t\t\t<\/div>\n\t\t\t\t<section class=\"elementor-section elementor-inner-section elementor-element elementor-element-4ca141d elementor-section-boxed elementor-section-height-default elementor-section-height-default\" data-id=\"4ca141d\" data-element_type=\"section\">\n\t\t\t\t\t\t<div class=\"elementor-container elementor-column-gap-default\">\n\t\t\t\t\t<div class=\"elementor-column elementor-col-50 elementor-inner-column elementor-element elementor-element-3fb2cfc\" data-id=\"3fb2cfc\" data-element_type=\"column\">\n\t\t\t<div class=\"elementor-widget-wrap elementor-element-populated\">\n\t\t\t\t\t\t\t\t<div class=\"elementor-element elementor-element-c02ebe5 elementor-widget elementor-widget-heading\" data-id=\"c02ebe5\" data-element_type=\"widget\" data-widget_type=\"heading.default\">\n\t\t\t\t<div class=\"elementor-widget-container\">\n\t\t\t<style>\/*! elementor - v3.7.8 - 02-10-2022 *\/\n.elementor-heading-title{padding:0;margin:0;line-height:1}.elementor-widget-heading .elementor-heading-title[class*=elementor-size-]>a{color:inherit;font-size:inherit;line-height:inherit}.elementor-widget-heading .elementor-heading-title.elementor-size-small{font-size:15px}.elementor-widget-heading .elementor-heading-title.elementor-size-medium{font-size:19px}.elementor-widget-heading .elementor-heading-title.elementor-size-large{font-size:29px}.elementor-widget-heading .elementor-heading-title.elementor-size-xl{font-size:39px}.elementor-widget-heading .elementor-heading-title.elementor-size-xxl{font-size:59px}<\/style><h2 class=\"elementor-heading-title elementor-size-default\">UNE EXP\u00e9RIENCE UNIQUE<\/h2>\t\t<\/div>\n\t\t\t\t<\/div>\n\t\t\t\t<div class=\"elementor-element elementor-element-f912419 elementor-widget elementor-widget-text-editor\" data-id=\"f912419\" data-element_type=\"widget\" data-widget_type=\"text-editor.default\">\n\t\t\t\t<div class=\"elementor-widget-container\">\n\t\t\t<style>\/*! elementor - v3.7.8 - 02-10-2022 *\/\n.elementor-widget-text-editor.elementor-drop-cap-view-stacked .elementor-drop-cap{background-color:#818a91;color:#fff}.elementor-widget-text-editor.elementor-drop-cap-view-framed .elementor-drop-cap{color:#818a91;border:3px solid;background-color:transparent}.elementor-widget-text-editor:not(.elementor-drop-cap-view-default) .elementor-drop-cap{margin-top:8px}.elementor-widget-text-editor:not(.elementor-drop-cap-view-default) .elementor-drop-cap-letter{width:1em;height:1em}.elementor-widget-text-editor .elementor-drop-cap{float:left;text-align:center;line-height:1;font-size:50px}.elementor-widget-text-editor .elementor-drop-cap-letter{display:inline-block}<\/style>\t\t\t\t<p>Village r\u00e9put\u00e9 pour son vignoble aux pentes escarp\u00e9es et son vin ros\u00e9 p\u00e9tillant, venez d\u00e9couvrir ce que Cerdon a de meilleur \u00e0 vous offrir !<\/p><p>Nous vous proposons activit\u00e9 et h\u00e9bergement insolite pour profiter de la richesse de ce village.\u00a0<\/p><p><span style=\"font-size: 20px;\"><strong>TROTIN&rsquo;AIN<\/strong><br \/>Sillonnez le vignoble cerdonnais et ses paysages \u00e0 couper le souffle gr\u00e2ce aux trottinettes \u00e9lectriques tout terrain. Arr\u00eatez vous en route \u00e0 l&rsquo;Eglise de St Alban et admirez la vue plongeante sur le village.\u00a0<\/span><\/p><p><strong>LA CABANE DU VIGNERON<br \/><\/strong>Passez votre s\u00e9jour au coeur du village dans notre logement insolite nich\u00e9 entre vignes, rivi\u00e8re et montagnes. <br \/>D\u00e9paysement et tranquillit\u00e9 assur\u00e9e !<\/p>\t\t\t\t\t\t<\/div>\n\t\t\t\t<\/div>\n\t\t\t\t\t<\/div>\n\t\t<\/div>\n\t\t\t\t<div class=\"elementor-column elementor-col-50 elementor-inner-column elementor-element elementor-element-380de09\" data-id=\"380de09\" data-element_type=\"column\">\n\t\t\t<div class=\"elementor-widget-wrap elementor-element-populated\">\n\t\t\t\t\t\t\t\t<div class=\"elementor-element elementor-element-debbfba elementor-widget elementor-widget-image\" data-id=\"debbfba\" data-element_type=\"widget\" data-widget_type=\"image.default\">\n\t\t\t\t<div class=\"elementor-widget-container\">\n\t\t\t\t\t\t\t\t\t\t\t\t\t\t\t<img loading=\"lazy\" decoding=\"async\" width=\"684\" height=\"1024\" src=\"https:\/\/www.cerdon-evasion.fr\/wp-content\/uploads\/2022\/05\/30-10-28-684x1024.jpg\" class=\"attachment-large size-large\" alt=\"\" srcset=\"https:\/\/www.cerdon-evasion.fr\/wp-content\/uploads\/2022\/05\/30-10-28-684x1024.jpg 684w, https:\/\/www.cerdon-evasion.fr\/wp-content\/uploads\/2022\/05\/30-10-28-200x300.jpg 200w, https:\/\/www.cerdon-evasion.fr\/wp-content\/uploads\/2022\/05\/30-10-28-768x1150.jpg 768w, https:\/\/www.cerdon-evasion.fr\/wp-content\/uploads\/2022\/05\/30-10-28-1025x1536.jpg 1025w, https:\/\/www.cerdon-evasion.fr\/wp-content\/uploads\/2022\/05\/30-10-28-1367x2048.jpg 1367w, https:\/\/www.cerdon-evasion.fr\/wp-content\/uploads\/2022\/05\/30-10-28-scaled.jpg 1709w\" sizes=\"auto, (max-width: 684px) 100vw, 684px\" \/>\t\t\t\t\t\t\t\t\t\t\t\t\t\t\t<\/div>\n\t\t\t\t<\/div>\n\t\t\t\t\t<\/div>\n\t\t<\/div>\n\t\t\t\t\t\t\t<\/div>\n\t\t<\/section>\n\t\t\t\t\t<\/div>\n\t\t<\/div>\n\t\t\t\t\t\t\t<\/div>\n\t\t<\/section>\n\t\t\t\t<section class=\"elementor-section elementor-top-section elementor-element elementor-element-928580f elementor-section-boxed elementor-section-height-default elementor-section-height-default\" data-id=\"928580f\" data-element_type=\"section\">\n\t\t\t\t\t\t<div class=\"elementor-container elementor-column-gap-default\">\n\t\t\t\t\t<div class=\"elementor-column elementor-col-100 elementor-top-column elementor-element elementor-element-1af8dbf\" data-id=\"1af8dbf\" data-element_type=\"column\">\n\t\t\t<div class=\"elementor-widget-wrap elementor-element-populated\">\n\t\t\t\t\t\t\t\t<div class=\"elementor-element elementor-element-74186e4 elementor-widget elementor-widget-spacer\" data-id=\"74186e4\" data-element_type=\"widget\" data-widget_type=\"spacer.default\">\n\t\t\t\t<div class=\"elementor-widget-container\">\n\t\t\t\t\t<div class=\"elementor-spacer\">\n\t\t\t<div class=\"elementor-spacer-inner\"><\/div>\n\t\t<\/div>\n\t\t\t\t<\/div>\n\t\t\t\t<\/div>\n\t\t\t\t<section class=\"elementor-section elementor-inner-section elementor-element elementor-element-32838d7 elementor-section-boxed elementor-section-height-default elementor-section-height-default\" data-id=\"32838d7\" data-element_type=\"section\">\n\t\t\t\t\t\t<div class=\"elementor-container elementor-column-gap-default\">\n\t\t\t\t\t<div class=\"elementor-column elementor-col-50 elementor-inner-column elementor-element elementor-element-6360c09\" data-id=\"6360c09\" data-element_type=\"column\">\n\t\t\t<div class=\"elementor-widget-wrap elementor-element-populated\">\n\t\t\t\t\t\t\t\t<div class=\"elementor-element elementor-element-de561bd elementor-widget elementor-widget-image\" data-id=\"de561bd\" data-element_type=\"widget\" data-widget_type=\"image.default\">\n\t\t\t\t<div class=\"elementor-widget-container\">\n\t\t\t\t\t\t\t\t\t\t\t\t\t\t\t<img loading=\"lazy\" decoding=\"async\" width=\"2560\" height=\"1709\" src=\"https:\/\/www.cerdon-evasion.fr\/wp-content\/uploads\/2022\/05\/Messerli2021-32-scaled.jpg\" class=\"attachment-full size-full\" alt=\"\" srcset=\"https:\/\/www.cerdon-evasion.fr\/wp-content\/uploads\/2022\/05\/Messerli2021-32-scaled.jpg 2560w, https:\/\/www.cerdon-evasion.fr\/wp-content\/uploads\/2022\/05\/Messerli2021-32-300x200.jpg 300w, https:\/\/www.cerdon-evasion.fr\/wp-content\/uploads\/2022\/05\/Messerli2021-32-1024x684.jpg 1024w, https:\/\/www.cerdon-evasion.fr\/wp-content\/uploads\/2022\/05\/Messerli2021-32-768x513.jpg 768w, https:\/\/www.cerdon-evasion.fr\/wp-content\/uploads\/2022\/05\/Messerli2021-32-1536x1025.jpg 1536w, https:\/\/www.cerdon-evasion.fr\/wp-content\/uploads\/2022\/05\/Messerli2021-32-2048x1367.jpg 2048w\" sizes=\"auto, (max-width: 2560px) 100vw, 2560px\" \/>\t\t\t\t\t\t\t\t\t\t\t\t\t\t\t<\/div>\n\t\t\t\t<\/div>\n\t\t\t\t\t<\/div>\n\t\t<\/div>\n\t\t\t\t<div class=\"elementor-column elementor-col-50 elementor-inner-column elementor-element elementor-element-bc56afd\" data-id=\"bc56afd\" data-element_type=\"column\">\n\t\t\t<div class=\"elementor-widget-wrap elementor-element-populated\">\n\t\t\t\t\t\t\t\t<div class=\"elementor-element elementor-element-29a6ecc elementor-widget-divider--view-line elementor-widget elementor-widget-divider\" data-id=\"29a6ecc\" data-element_type=\"widget\" data-widget_type=\"divider.default\">\n\t\t\t\t<div class=\"elementor-widget-container\">\n\t\t\t\t\t<div class=\"elementor-divider\">\n\t\t\t<span class=\"elementor-divider-separator\">\n\t\t\t\t\t\t<\/span>\n\t\t<\/div>\n\t\t\t\t<\/div>\n\t\t\t\t<\/div>\n\t\t\t\t<div class=\"elementor-element elementor-element-b07f2d1 elementor-widget elementor-widget-heading\" data-id=\"b07f2d1\" data-element_type=\"widget\" data-widget_type=\"heading.default\">\n\t\t\t\t<div class=\"elementor-widget-container\">\n\t\t\t<h2 class=\"elementor-heading-title elementor-size-default\">CAVE et d\u00e9gustation<\/h2>\t\t<\/div>\n\t\t\t\t<\/div>\n\t\t\t\t<div class=\"elementor-element elementor-element-deca893 elementor-widget elementor-widget-text-editor\" data-id=\"deca893\" data-element_type=\"widget\" data-widget_type=\"text-editor.default\">\n\t\t\t\t<div class=\"elementor-widget-container\">\n\t\t\t\t\t\t\t<p>Pendant votre balade en trotinette ou pendant votre s\u00e9jour, arr\u00eatez-vous \u00e0 la cave \u00ab\u00a0Vin Messerli &amp; Fils\u00a0\u00bb et profitez d&rsquo;une d\u00e9gustation de Cerdon : vin p\u00e9tillant local et produit uniquement au coeur de ce village.\u00a0<br \/>Mais retrouvez \u00e9galement le vin ros\u00e9, le vin blanc p\u00e9tillant et le Gamay rouge.<br \/>Pour les plus jeunes, la d\u00e9gustation de jus de raisin p\u00e9tillant est \u00e9galement possible.\u00a0<\/p>\t\t\t\t\t\t<\/div>\n\t\t\t\t<\/div>\n\t\t\t\t\t<\/div>\n\t\t<\/div>\n\t\t\t\t\t\t\t<\/div>\n\t\t<\/section>\n\t\t\t\t<div class=\"elementor-element elementor-element-98a77f7 elementor-widget elementor-widget-spacer\" data-id=\"98a77f7\" data-element_type=\"widget\" data-widget_type=\"spacer.default\">\n\t\t\t\t<div class=\"elementor-widget-container\">\n\t\t\t\t\t<div class=\"elementor-spacer\">\n\t\t\t<div class=\"elementor-spacer-inner\"><\/div>\n\t\t<\/div>\n\t\t\t\t<\/div>\n\t\t\t\t<\/div>\n\t\t\t\t\t<\/div>\n\t\t<\/div>\n\t\t\t\t\t\t\t<\/div>\n\t\t<\/section>\n\t\t\t\t<section class=\"elementor-section elementor-top-section elementor-element elementor-element-00538a5 elementor-section-full_width elementor-section-stretched elementor-section-height-default elementor-section-height-default\" data-id=\"00538a5\" data-element_type=\"section\" data-settings=\"{&quot;stretch_section&quot;:&quot;section-stretched&quot;}\">\n\t\t\t\t\t\t<div class=\"elementor-container elementor-column-gap-default\">\n\t\t\t\t\t<div class=\"elementor-column elementor-col-100 elementor-top-column elementor-element elementor-element-92b3a66\" data-id=\"92b3a66\" data-element_type=\"column\">\n\t\t\t<div class=\"elementor-widget-wrap elementor-element-populated\">\n\t\t\t\t\t\t\t\t<div class=\"elementor-element elementor-element-319e4d4 elementor-widget elementor-widget-image\" data-id=\"319e4d4\" data-element_type=\"widget\" data-widget_type=\"image.default\">\n\t\t\t\t<div class=\"elementor-widget-container\">\n\t\t\t\t\t\t\t\t\t\t\t\t\t\t\t<img loading=\"lazy\" decoding=\"async\" width=\"2560\" height=\"392\" src=\"https:\/\/www.cerdon-evasion.fr\/wp-content\/uploads\/2022\/06\/banniere-scaled.jpg\" class=\"attachment-full size-full\" alt=\"\" srcset=\"https:\/\/www.cerdon-evasion.fr\/wp-content\/uploads\/2022\/06\/banniere-scaled.jpg 2560w, https:\/\/www.cerdon-evasion.fr\/wp-content\/uploads\/2022\/06\/banniere-300x46.jpg 300w, https:\/\/www.cerdon-evasion.fr\/wp-content\/uploads\/2022\/06\/banniere-1024x157.jpg 1024w, https:\/\/www.cerdon-evasion.fr\/wp-content\/uploads\/2022\/06\/banniere-768x118.jpg 768w, https:\/\/www.cerdon-evasion.fr\/wp-content\/uploads\/2022\/06\/banniere-1536x235.jpg 1536w, https:\/\/www.cerdon-evasion.fr\/wp-content\/uploads\/2022\/06\/banniere-2048x314.jpg 2048w\" sizes=\"auto, (max-width: 2560px) 100vw, 2560px\" \/>\t\t\t\t\t\t\t\t\t\t\t\t\t\t\t<\/div>\n\t\t\t\t<\/div>\n\t\t\t\t\t<\/div>\n\t\t<\/div>\n\t\t\t\t\t\t\t<\/div>\n\t\t<\/section>\n\t\t\t\t\t\t\t<\/div>\n\t\t","protected":false},"excerpt":{"rendered":"<p>UNE EXP\u00e9RIENCE UNIQUE Village r\u00e9put\u00e9 pour son vignoble aux pentes escarp\u00e9es et son vin ros\u00e9 p\u00e9tillant, venez d\u00e9couvrir ce que Cerdon a de meilleur \u00e0 vous offrir ! Nous vous proposons activit\u00e9 et h\u00e9bergement insolite pour profiter de la richesse de ce village.\u00a0 TROTIN&rsquo;AINSillonnez le vignoble cerdonnais et ses paysages \u00e0 couper le souffle gr\u00e2ce [&hellip;]<\/p>\n","protected":false},"author":1,"featured_media":0,"parent":0,"menu_order":0,"comment_status":"closed","ping_status":"open","template":"","meta":{"footnotes":""},"class_list":["post-2","page","type-page","status-publish","hentry","entry"],"_links":{"self":[{"href":"https:\/\/www.cerdon-evasion.fr\/index.php\/wp-json\/wp\/v2\/pages\/2","targetHints":{"allow":["GET"]}}],"collection":[{"href":"https:\/\/www.cerdon-evasion.fr\/index.php\/wp-json\/wp\/v2\/pages"}],"about":[{"href":"https:\/\/www.cerdon-evasion.fr\/index.php\/wp-json\/wp\/v2\/types\/page"}],"author":[{"embeddable":true,"href":"https:\/\/www.cerdon-evasion.fr\/index.php\/wp-json\/wp\/v2\/users\/1"}],"replies":[{"embeddable":true,"href":"https:\/\/www.cerdon-evasion.fr\/index.php\/wp-json\/wp\/v2\/comments?post=2"}],"version-history":[{"count":83,"href":"https:\/\/www.cerdon-evasion.fr\/index.php\/wp-json\/wp\/v2\/pages\/2\/revisions"}],"predecessor-version":[{"id":586,"href":"https:\/\/www.cerdon-evasion.fr\/index.php\/wp-json\/wp\/v2\/pages\/2\/revisions\/586"}],"wp:attachment":[{"href":"https:\/\/www.cerdon-evasion.fr\/index.php\/wp-json\/wp\/v2\/media?parent=2"}],"curies":[{"name":"wp","href":"https:\/\/api.w.org\/{rel}","templated":true}]}}